{"id":919,"date":"2026-04-07T00:50:17","date_gmt":"2026-04-06T22:50:17","guid":{"rendered":"https:\/\/dovolenamachac.cz\/?page_id=919"},"modified":"2026-04-07T00:50:17","modified_gmt":"2026-04-06T22:50:17","slug":"zgloszenie-zakwaterowania-oplata-klimatyczna","status":"publish","type":"page","link":"https:\/\/dovolenamachac.cz\/index.php\/pl\/zgloszenie-zakwaterowania-oplata-klimatyczna\/","title":{"rendered":"Zg\u0142oszenie zakwaterowania \u2013 op\u0142ata klimatyczna"},"content":{"rendered":"\n<p>Wype\u0142niaj\u0105c formularz, pomog\u0105 nam Pa\u0144stwo wype\u0142ni\u0107 ustawowy obowi\u0105zek zwi\u0105zany z op\u0142at\u0105 turystyczn\u0105.<\/p>\n\n\n\t\t<div class=\"vstrb\">\n\t\t\t<form id=\"vstrb-guest-reg-form-858\" class=\"vstrb-guest-reg-form\" novalidate>\n\t\t\t\t<input type=\"hidden\" name=\"unit_id\" value=\"858\">\n\n\t\t\t\t<h3>Chatka Bor\u00f3wka<\/h3>\n\n\t\t\t\t<!-- Shared: term + email -->\n\t\t\t\t<div class=\"vstrb-row\">\n\t\t\t\t\t<label>E-mail *<\/label>\n\t\t\t\t\t<input type=\"email\" name=\"email\" required>\n\t\t\t\t<\/div>\n\t\t\t\t<div class=\"vstrb-row vstrb-row-half\">\n\t\t\t\t\t<div class=\"vstrb-field\">\n\t\t\t\t\t\t<label>Datum p\u0159\u00edjezdu *<\/label>\n\t\t\t\t\t\t<input type=\"date\" name=\"date_from\" value=\"\" required>\n\t\t\t\t\t<\/div>\n\t\t\t\t\t<div class=\"vstrb-field\">\n\t\t\t\t\t\t<label>Datum odjezdu *<\/label>\n\t\t\t\t\t\t<input type=\"date\" name=\"date_to\" value=\"\" required>\n\t\t\t\t\t<\/div>\n\t\t\t\t<\/div>\n\n                <!-- Booking source + booking reference -->\n\t\t\t\t<div class=\"vstrb-row vstrb-row-half\">\n\t\t\t\t\t<div class=\"vstrb-field\">\n\t\t\t\t\t\t<label>Zdroj rezervace<\/label>\n\t\t\t\t\t\t<select name=\"source\">\n                            <option value=\"\">- select -<\/option>\n\t\t\t\t\t\t\t\t\t\t\t\t\t\t\t<option value=\"booking_com\" >Booking.com<\/option>\n\t\t\t\t\t\t\t\t\t\t\t\t\t\t\t<option value=\"airbnb\" >Airbnb<\/option>\n\t\t\t\t\t\t\t\t\t\t\t\t\t\t\t<option value=\"vrbo\" >VRBO \/ HomeAway<\/option>\n\t\t\t\t\t\t\t\t\t\t\t\t\t\t\t<option value=\"expedia\" >Expedia<\/option>\n\t\t\t\t\t\t\t\t\t\t\t\t\t\t\t<option value=\"direct\" >Direct booking<\/option>\n\t\t\t\t\t\t\t\t\t\t\t\t\t\t\t<option value=\"other\" >Ostatn\u00ed<\/option>\n\t\t\t\t\t\t\t\t\t\t\t\t\t<\/select>\n\t\t\t\t\t<\/div>\n\t\t\t\t\t<div class=\"vstrb-field\">\n\t\t\t\t\t\t<label>\u010c\u00edslo rezervace<\/label>\n\t\t\t\t\t\t<input type=\"text\" name=\"booking_reference\" value=\"\">\n\t\t\t\t\t<\/div>\n\t\t\t\t<\/div>\n\n\t\t\t\t<hr class=\"vstrb-gr-divider\">\n\n                <!-- Guest list -->\n\t\t\t\t<div class=\"vstrb-guests-list\">\n\t\t\t\t\t\t\t<div class=\"vstrb-guest-block\">\n\t\t\t<div class=\"vstrb-guest-header\">\n\t\t\t\t<strong class=\"vstrb-guest-num\"><\/strong>\n\t\t\t\t<button type=\"button\" class=\"vstrb-btn vstrb-remove-guest\">Odebrat<\/button>\n\t\t\t<\/div>\n\t\t\t<div class=\"vstrb-row vstrb-row-half\">\n\t\t\t\t<div class=\"vstrb-field\">\n\t\t\t\t\t<label>Jm\u00e9no *<\/label>\n\t\t\t\t\t<input type=\"text\" data-field=\"first_name\" value=\"\" required>\n\t\t\t\t<\/div>\n\t\t\t\t<div class=\"vstrb-field\">\n\t\t\t\t\t<label>P\u0159\u00edjmen\u00ed *<\/label>\n\t\t\t\t\t<input type=\"text\" data-field=\"last_name\" value=\"\" required>\n\t\t\t\t<\/div>\n\t\t\t<\/div>\n\t\t\t<div class=\"vstrb-row vstrb-row-half\">\n\t\t\t\t<div class=\"vstrb-field\">\n\t\t\t\t\t<label>Datum narozen\u00ed *<\/label>\n\t\t\t\t\t<input type=\"date\" data-field=\"date_of_birth\" required>\n\t\t\t\t<\/div>\n\t\t\t\t<div class=\"vstrb-field\">\n\t\t\t\t\t<label>N\u00e1rodnost *<\/label>\n\t\t\t\t\t<input type=\"text\" data-field=\"nationality\" required>\n\t\t\t\t<\/div>\n\t\t\t<\/div>\n\t\t\t<div class=\"vstrb-row vstrb-row-half\">\n\t\t\t\t<div class=\"vstrb-field\">\n\t\t\t\t\t<label>Ulice *<\/label>\n\t\t\t\t\t<input type=\"text\" data-field=\"street\" required>\n\t\t\t\t<\/div>\n\t\t\t\t<div class=\"vstrb-field\">\n\t\t\t\t\t<label>M\u011bsto *<\/label>\n\t\t\t\t\t<input type=\"text\" data-field=\"city\" required>\n\t\t\t\t<\/div>\n\t\t\t<\/div>\n\t\t\t<div class=\"vstrb-row\">\n\t\t\t\t<div class=\"vstrb-field\" style=\"max-width:calc(50% - 8px)\">\n\t\t\t\t\t<label>St\u00e1t *<\/label>\n\t\t\t\t\t<input type=\"text\" data-field=\"state\" required>\n\t\t\t\t<\/div>\n\t\t\t<\/div>\n\t\t\t<div class=\"vstrb-row vstrb-row-half\">\n\t\t\t\t<div class=\"vstrb-field\">\n\t\t\t\t\t<label>Typ dokladu *<\/label>\n\t\t\t\t\t<select data-field=\"document_type\" required>\n                        <option value=\"\">- select -<\/option>\n\t\t\t\t\t\t<option value=\"passport\">Cestovn\u00ed pas<\/option>\n\t\t\t\t\t\t<option value=\"id_card\">Ob\u010dansk\u00fd pr\u016fkaz<\/option>\n\t\t\t\t\t\t<option value=\"driving_license\">\u0158idi\u010dsk\u00fd pr\u016fkaz<\/option>\n\t\t\t\t\t\t<option value=\"other\">Ostatn\u00ed<\/option>\n\t\t\t\t\t<\/select>\n\t\t\t\t<\/div>\n\t\t\t\t<div class=\"vstrb-field\">\n\t\t\t\t\t<label>\u010c\u00edslo dokladu *<\/label>\n\t\t\t\t\t<input type=\"text\" data-field=\"document_number\" required>\n\t\t\t\t<\/div>\n\t\t\t<\/div>\n\t\t<\/div>\n\t\t\t\t\t\t<\/div>\n\n\t\t\t\t<div class=\"vstrb-row\">\n\t\t\t\t\t<button type=\"button\" class=\"vstrb-btn vstrb-add-guest\">+ P\u0159idat hosta<\/button>\n\t\t\t\t<\/div>\n\n\t\t\t\t<hr class=\"vstrb-gr-divider\">\n\n\t\t\t\t<!-- Honeypot -->\n\t\t\t\t<div style=\"display:none\"><input type=\"text\" name=\"hp\" value=\"\" tabindex=\"-1\" autocomplete=\"off\"><\/div>\n\n\t\t\t\t\t\t\t\t<div class=\"vstrb-row vstrb-captcha-row\" data-captcha-token=\"9|1775612062|741d48fad6c3f200c6f375b1b06bb79f20f6c1f792454d5710c1032bf36e6860\">\n\t\t\t\t\t<label>Bezpe\u010dnostn\u00ed kontrola: 2 + 7 = ? *<\/label>\n\t\t\t\t\t<input type=\"text\" name=\"captcha\" autocomplete=\"off\" placeholder=\"?\" required>\n\t\t\t\t<\/div>\n\n\t\t\t\t<div class=\"vstrb-notice vstrb-guest-reg-notice\" style=\"display:none\"><\/div>\n\n\t\t\t\t<div class=\"vstrb-row\">\n\t\t\t\t\t<button type=\"submit\" class=\"vstrb-btn vstrb-btn-primary\">Odeslat formul\u00e1\u0159<\/button>\n\t\t\t\t<\/div>\n\t\t\t<\/form>\n\t\t<div id=\"vstrb-guest-reg-thanks-858\" class=\"vstrb-thanks\" style=\"display:none; text-align:center; padding: 40px 20px;\">\n\t\t\t<h3 style=\"color: #2c3e50;\">D\u011bkujeme!<\/h3>\n\t\t\t<p style=\"font-size: 1.1em; color: #7f8c8d;\">Va\u0161e registrace byla \u00fasp\u011b\u0161n\u011b odesl\u00e1na. T\u011b\u0161\u00edme se na va\u0161i n\u00e1v\u0161t\u011bvu!<\/p>\n            <div style=\"font-size: 3em; margin-top: 20px;\">&#10003;<\/div>\n\t\t<\/div>\n\t\t<div style=\"text-align: right; font-size: 12px; color: #999999FF; margin-top: 20px; opacity: 0.8;\">\n\t\t\t<a href=\"https:\/\/wordpress.org\/plugins\/vachr-short-term-rental-reservations\/\" target=\"_blank\" rel=\"noopener\" style=\"color: inherit; text-decoration: none;\">Vachr Short-Term Rental Reservations<\/a>\n\t\t<\/div>\n\t\t<\/div>\n\t\t\n","protected":false},"excerpt":{"rendered":"<p>Wype\u0142niaj\u0105c formularz, pomog\u0105 nam Pa\u0144stwo wype\u0142ni\u0107 ustawowy obowi\u0105zek zwi\u0105zany z op\u0142at\u0105 turystyczn\u0105.<\/p>\n","protected":false},"author":1,"featured_media":0,"parent":0,"menu_order":0,"comment_status":"closed","ping_status":"closed","template":"","meta":{"footnotes":""},"class_list":["post-919","page","type-page","status-publish"],"_links":{"self":[{"href":"https:\/\/dovolenamachac.cz\/index.php\/wp-json\/wp\/v2\/pages\/919","targetHints":{"allow":["GET"]}}],"collection":[{"href":"https:\/\/dovolenamachac.cz\/index.php\/wp-json\/wp\/v2\/pages"}],"about":[{"href":"https:\/\/dovolenamachac.cz\/index.php\/wp-json\/wp\/v2\/types\/page"}],"author":[{"embeddable":true,"href":"https:\/\/dovolenamachac.cz\/index.php\/wp-json\/wp\/v2\/users\/1"}],"replies":[{"embeddable":true,"href":"https:\/\/dovolenamachac.cz\/index.php\/wp-json\/wp\/v2\/comments?post=919"}],"version-history":[{"count":2,"href":"https:\/\/dovolenamachac.cz\/index.php\/wp-json\/wp\/v2\/pages\/919\/revisions"}],"predecessor-version":[{"id":921,"href":"https:\/\/dovolenamachac.cz\/index.php\/wp-json\/wp\/v2\/pages\/919\/revisions\/921"}],"wp:attachment":[{"href":"https:\/\/dovolenamachac.cz\/index.php\/wp-json\/wp\/v2\/media?parent=919"}],"curies":[{"name":"wp","href":"https:\/\/api.w.org\/{rel}","templated":true}]}}